{"id":12199,"date":"2013-09-09T16:43:37","date_gmt":"2013-09-09T16:43:37","guid":{"rendered":"http:\/\/www.brigou.ch\/wp\/wp-content\/uploads\/2013\/09\/IMG_9224.jpg"},"modified":"2013-09-09T16:43:37","modified_gmt":"2013-09-09T16:43:37","slug":"img_9224","status":"inherit","type":"attachment","link":"https:\/\/www.brigou.ch\/wp\/portfolio\/chant-du-gros-2013-vendredi\/img_9224\/","title":{"rendered":"Sim&rsquo;s &#8211; Sc\u00e8ne D\u00e9m\u00e9nage"},"author":2,"featured_media":0,"comment_status":"open","ping_status":"closed","template":"","meta":[],"class_list":["post-12199","attachment","type-attachment","status-inherit","hentry"],"description":{"rendered":"<p class=\"attachment\"><a href='https:\/\/www.brigou.ch\/wp\/wp-content\/uploads\/2013\/09\/IMG_9224.jpg'><img loading=\"lazy\" decoding=\"async\" width=\"199\" height=\"300\" src=\"https:\/\/www.brigou.ch\/wp\/wp-content\/uploads\/2013\/09\/IMG_9224-199x300.jpg\" class=\"attachment-medium size-medium\" alt=\"\" srcset=\"https:\/\/www.brigou.ch\/wp\/wp-content\/uploads\/2013\/09\/IMG_9224-199x300.jpg 199w, https:\/\/www.brigou.ch\/wp\/wp-content\/uploads\/2013\/09\/IMG_9224-166x250.jpg 166w, https:\/\/www.brigou.ch\/wp\/wp-content\/uploads\/2013\/09\/IMG_9224.jpg 511w\" sizes=\"auto, (max-width: 199px) 100vw, 199px\" \/><\/a><\/p>\n"},"caption":{"rendered":""},"alt_text":"","media_type":"image","mime_type":"image\/jpeg","media_details":{"width":"511","height":"768","hwstring_small":"height='96' width='63'","file":"2013\/09\/IMG_9224.jpg","sizes":{"thumbnail":{"file":"IMG_9224-150x150.jpg","width":"150","height":"150","source_url":"https:\/\/www.brigou.ch\/wp\/wp-content\/uploads\/2013\/09\/IMG_9224-150x150.jpg"},"medium":{"file":"IMG_9224-199x300.jpg","width":"199","height":"300","source_url":"https:\/\/www.brigou.ch\/wp\/wp-content\/uploads\/2013\/09\/IMG_9224-199x300.jpg"},"post-thumbnail":{"file":"IMG_9224-166x250.jpg","width":"166","height":"250","source_url":"https:\/\/www.brigou.ch\/wp\/wp-content\/uploads\/2013\/09\/IMG_9224-166x250.jpg"},"full":{"file":"IMG_9224.jpg","width":511,"height":768,"mime_type":"image\/jpeg","source_url":"https:\/\/www.brigou.ch\/wp\/wp-content\/uploads\/2013\/09\/IMG_9224.jpg"}},"image_meta":{"aperture":"0","credit":"","camera":"Canon EOS 5D Mark II","caption":"","created_timestamp":"1378493229","copyright":"","focal_length":"70","iso":"3200","shutter_speed":"0.003125","title":""}},"post":12136,"source_url":"https:\/\/www.brigou.ch\/wp\/wp-content\/uploads\/2013\/09\/IMG_9224.jpg","_links":{"self":[{"href":"https:\/\/www.brigou.ch\/wp\/wp-json\/wp\/v2\/media\/12199","targetHints":{"allow":["GET"]}}],"collection":[{"href":"https:\/\/www.brigou.ch\/wp\/wp-json\/wp\/v2\/media"}],"about":[{"href":"https:\/\/www.brigou.ch\/wp\/wp-json\/wp\/v2\/types\/attachment"}],"author":[{"embeddable":true,"href":"https:\/\/www.brigou.ch\/wp\/wp-json\/wp\/v2\/users\/2"}],"replies":[{"embeddable":true,"href":"https:\/\/www.brigou.ch\/wp\/wp-json\/wp\/v2\/comments?post=12199"}]}}

Sim&rsquo;s &#8211; Scène Déménage
